{"id":119,"date":"2020-06-30T10:12:55","date_gmt":"2020-06-30T10:12:55","guid":{"rendered":"http:\/\/musikermedizin-beta.ch\/?page_id=119"},"modified":"2025-06-18T07:56:23","modified_gmt":"2025-06-18T07:56:23","slug":"fachlicher-beirat","status":"publish","type":"page","link":"https:\/\/swissmedmusica.ch\/it\/ueber-die-smm\/fachlicher-beirat\/","title":{"rendered":"Fachlicher Beirat"},"content":{"rendered":"<section class=\"wpb-content-wrapper\"><p>[vc_row][vc_column][vc_column_text]<\/p>\n<h6><\/h6>\n<div>\n<p><strong>Prof. Dr. Peer Abilgaard<\/strong><br \/>\nChefarzt der Klinik f\u00fcr Seelische Gesundheit am Evangelischen Klinikum Gelsenkirchen.<\/p>\n<p><strong>Dr. med. Dr. sc. nat. David B\u00e4chinger<\/strong><br \/>\nArzt und Neurobiologe, Klinik f\u00fcr Ohren-, Nasen-, Hals- und Gesichtschirurgie am Universit\u00e4tsspital Z\u00fcrich<\/p>\n<p><strong>Fredy Bopp<\/strong><br \/>\nDipl. Physiotherapeut FH, Winterthur<\/p>\n<p><strong>Pia Bucher<\/strong><br \/>\nDipl. Kinesiologin, Dipl. Musikerin, Bern<\/p>\n<p><strong>Dr. med. Anke Grell\u00a0<\/strong><br \/>\nOber\u00e4rztin im Zentrum f\u00fcr Angst- und Depressionsbehandlung Z\u00fcrich (ZADZ), Bereich Kinder- und Jugendpsychiatrie und Psychotherapie und in der Musikermedizin<\/p>\n<p><strong>Prof. Dr. med. Dipl. Mus. Horst Hildebrandt<\/strong><br \/>\nSchweizerisches Hochschulzentrum f\u00fcr Musik, Physiologie SHZM<br \/>\nZ\u00fcrcher Hochschule der K\u00fcnste und Musikhochschulen FHNW<\/p>\n<p><strong>Dr. med. dent. Markus Keller<\/strong><br \/>\nEidg. dipl. Zahnarzt, WBA SSO f\u00fcr allgemeine Zahnmedizin, Basel<\/p>\n<\/div>\n<p>[\/vc_column_text][\/vc_column][\/vc_row]<\/p>\n<\/section>","protected":false},"excerpt":{"rendered":"<p>[vc_row][vc_column][vc_column_text] Prof. Dr. Peer Abilgaard Chefarzt der Klinik f\u00fcr Seelische Gesundheit am Evangelischen Klinikum Gelsenkirchen. Dr. med. Dr. sc. nat. David B\u00e4chinger Arzt und Neurobiologe, Klinik f\u00fcr Ohren-, Nasen-, Hals- &hellip; <a href=\"https:\/\/swissmedmusica.ch\/it\/ueber-die-smm\/fachlicher-beirat\/\" class=\"more-link\">Continue reading<span class=\"screen-reader-text\"> &#8220;Fachlicher Beirat&#8221;<\/span><\/a><\/p>\n","protected":false},"author":1,"featured_media":0,"parent":40,"menu_order":0,"comment_status":"closed","ping_status":"closed","template":"","meta":{"footnotes":""},"class_list":["post-119","page","type-page","status-publish","hentry"],"translation":{"provider":"WPGlobus","version":"3.0.5","language":"it","enabled_languages":["de","fr","it","en"],"languages":{"de":{"title":true,"content":true,"excerpt":false},"fr":{"title":false,"content":false,"excerpt":false},"it":{"title":false,"content":false,"excerpt":false},"en":{"title":false,"content":false,"excerpt":false}}},"_links":{"self":[{"href":"https:\/\/swissmedmusica.ch\/it\/wp-json\/wp\/v2\/pages\/119","targetHints":{"allow":["GET"]}}],"collection":[{"href":"https:\/\/swissmedmusica.ch\/it\/wp-json\/wp\/v2\/pages"}],"about":[{"href":"https:\/\/swissmedmusica.ch\/it\/wp-json\/wp\/v2\/types\/page"}],"author":[{"embeddable":true,"href":"https:\/\/swissmedmusica.ch\/it\/wp-json\/wp\/v2\/users\/1"}],"replies":[{"embeddable":true,"href":"https:\/\/swissmedmusica.ch\/it\/wp-json\/wp\/v2\/comments?post=119"}],"version-history":[{"count":7,"href":"https:\/\/swissmedmusica.ch\/it\/wp-json\/wp\/v2\/pages\/119\/revisions"}],"predecessor-version":[{"id":2380,"href":"https:\/\/swissmedmusica.ch\/it\/wp-json\/wp\/v2\/pages\/119\/revisions\/2380"}],"up":[{"embeddable":true,"href":"https:\/\/swissmedmusica.ch\/it\/wp-json\/wp\/v2\/pages\/40"}],"wp:attachment":[{"href":"https:\/\/swissmedmusica.ch\/it\/wp-json\/wp\/v2\/media?parent=119"}],"curies":[{"name":"wp","href":"https:\/\/api.w.org\/{rel}","templated":true}]}}

<section class="wpb-content-wrapper"><p>[vc_row][vc_column][vc_column_text]</p>
<h6></h6>
<div>
<p><strong>Prof. Dr. Peer Abilgaard</strong><br />
Chefarzt der Klinik für Seelische Gesundheit am Evangelischen Klinikum Gelsenkirchen.</p>
<p><strong>Dr. med. Dr. sc. nat. David Bächinger</strong><br />
Arzt und Neurobiologe, Klinik für Ohren-, Nasen-, Hals- und Gesichtschirurgie am Universitätsspital Zürich</p>
<p><strong>Fredy Bopp</strong><br />
Dipl. Physiotherapeut FH, Winterthur</p>
<p><strong>Pia Bucher</strong><br />
Dipl. Kinesiologin, Dipl. Musikerin, Bern</p>
<p><strong>Dr. med. Anke Grell </strong><br />
Oberärztin im Zentrum für Angst- und Depressionsbehandlung Zürich (ZADZ), Bereich Kinder- und Jugendpsychiatrie und Psychotherapie und in der Musikermedizin</p>
<p><strong>Prof. Dr. med. Dipl. Mus. Horst Hildebrandt</strong><br />
Schweizerisches Hochschulzentrum für Musik, Physiologie SHZM<br />
Zürcher Hochschule der Künste und Musikhochschulen FHNW</p>
<p><strong>Dr. med. dent. Markus Keller</strong><br />
Eidg. dipl. Zahnarzt, WBA SSO für allgemeine Zahnmedizin, Basel</p>
</div>
<p>[/vc_column_text][/vc_column][/vc_row]</p>
</section>

<p>[vc_row][vc_column][vc_column_text] Prof. Dr. Peer Abilgaard Chefarzt der Klinik für Seelische Gesundheit am Evangelischen Klinikum Gelsenkirchen. Dr. med. Dr. sc. nat. David Bächinger Arzt und Neurobiologe, Klinik für Ohren-, Nasen-, Hals- &hellip; <a href="https://swissmedmusica.ch/it/ueber-die-smm/fachlicher-beirat/" class="more-link">Continue reading<span class="screen-reader-text"> &#8220;Fachlicher Beirat&#8221;</span></a></p>
