{"id":144,"date":"2020-07-04T07:28:05","date_gmt":"2020-07-04T07:28:05","guid":{"rendered":"http:\/\/musikermedizin-beta.ch\/?page_id=144"},"modified":"2023-06-13T12:14:44","modified_gmt":"2023-06-13T12:14:44","slug":"geschichte-der-smm","status":"publish","type":"page","link":"https:\/\/swissmedmusica.ch\/it\/geschichte-der-smm\/","title":{"rendered":"Storia"},"content":{"rendered":"<section class=\"wpb-content-wrapper\"><p>[vc_row][vc_column][vc_column_text]Swissmedmusica \u00e8 stata fondata nel 1997 a Berna come \u00abSociet\u00e0 svizzera di medicina musicale\u00bb. I membri fondatori sono Pia Bucher, musicista, Joachim Lahme, dentista, e Beat Vollmar. imprenditore.<\/p>\n<p>L\u2019idea di crearel\u2019associazione \u00e8 stata ispirata dal numero sempre crescente di musicisti con capacit\u00e0 di suonare compromesse, o addirittura a rischio di disabilit\u00e0 professionale, che non riuscivano a trovare un supporto per affrontare i loro problemi. Molte delle persone interessate non parlavano delle loro preoccupazioni e paure. Ancora oggi, l\u2019argomento sembra essere un tab\u00f9.<\/p>\n<p>La societ\u00e0 \u00e8 stata presieduta dal 1997 al 2011 da Pia Bucher (musicista e chinesiologa qualificata); dal 2011 al 2020 da Martina Berchtold-Neumann (psicologa qualificata FSP) e, dal 2020, da Wolfgang B\u00f6hler (filosofo della musica, direttore di coro, giornalista).<\/p>\n<p>Un\u2019offerta centrale della Societ\u00e0 era ed \u00e8 (con il sostegno finanziario della Fondazione svizzera per gli artisti interpreti, SIS) un centro di consulenza indipendente a bassa soglia in tutta la Svizzera. \u00c8 stato diretto da Pia Bucher fino al 2017, da Peter Sch\u00f6nenberger MD dal 2017 al 2019, da Felicitas Sigrist MD dal 2020 al 2021 e da Daniela Gut MD nel 2022. Dal 2023 \u00e8 guidata dalla fisioterapista musicale Marjan Steenbeek. La Societ\u00e0 collabora anche con le consulte interdisciplinari musicali locali di Berna, Lucerna, Locarno, Zurigo, Ginevra e Basilea.<\/p>\n<p>Dal 1998 la SMM \u00e8 coinvolta in collaborazioni e conferenze sulla medicina per i musicisti presso associazioni di musicisti, accademie di musica e scuole di musica. Dallo stesso anno fino al 2003 ha tenuto seminari di formazione continua in Italia e presso il Centro Hindemith di Blonay (CH). Nel 2001, inoltre, si sono tenute conferenze e workshop specialistici sulla salute in orchestra rivolti a tutte le orchestre professionali e sinfoniche della Svizzera. Le attivit\u00e0 di ricerca hanno posto l\u2019accento sulla cooperazione interdisciplinare.<\/p>\n<p>Di conseguenza, la Societ\u00e0 dispone oggi di una rete di esperti provenienti principalmente dai settori della medicina, della psicologia, della terapia, della pedagogia e della musica.<\/p>\n<p>I temi dei simposi svolti finora sono stati:<\/p>\n<p>2003 La schiena del musicista (Zurigo)<br \/>\n2004 Le mani del musicista (Zurigo)<br \/>\n2005 Lo stress psicologico nella professione musicale (Zurigo)<br \/>\n2005 Problemi fisici e di udito dei musicisti (Losanna)<br \/>\n2006 Aspetti medici dell\u2019educazione musicale (Zurigo)<br \/>\n2007 La salute nella professione musicale (Berna)<br \/>\n2008 Aspetti psicosomatici nella medicina musicale (Basilea)<br \/>\n2009 Malattie professionali specifiche dei musicisti e loro prevenzione (Lugano)<br \/>\n2009 Udito-occhi-voce e il loro coordinamento nel fare musica (Lucerna)<br \/>\n2010 La salute del musicista (Ginevra)<br \/>\n2011 Aspetti ergonomici dell\u2019esecuzione musicale (Berna)<br \/>\n2012 La musica nella mente \u2013 una visione neuroscientifica del fare musica (Lucerna)<br \/>\n2013 Fare musica in modo sano nell\u2019infanzia e nell\u2019adolescenza (Zurigo)<br \/>\n2014 Fare musica in et\u00e0 avanzata (Berna)<br \/>\n2015 Stress e musica (Basilea)<br \/>\n2016 Il musicista dilettante (Berna)<br \/>\n2017 Training mentale per musicisti (Zurigo)<br \/>\n2018 I egnali d\u2019allarme del dolore (Lucerna)<br \/>\n2019 Dal digitale al corpo \u2013 Orientamento alle risorse nella vita quotidiana dei musicisti (Basilea)<br \/>\n2022 Un obiettivo \u2013 molti percorsi (Berna)[\/vc_column_text][\/vc_column][\/vc_row]<\/p>\n<\/section>","protected":false},"excerpt":{"rendered":"<p>[vc_row][vc_column][vc_column_text]Swissmedmusica \u00e8 stata fondata nel 1997 a Berna come \u00abSociet\u00e0 svizzera di medicina musicale\u00bb. I membri fondatori sono Pia Bucher, musicista, Joachim Lahme, dentista, e Beat Vollmar. imprenditore. L\u2019idea di &hellip; <a href=\"https:\/\/swissmedmusica.ch\/it\/geschichte-der-smm\/\" class=\"more-link\">Continue reading<span class=\"screen-reader-text\"> &#8220;Storia&#8221;<\/span><\/a><\/p>\n","protected":false},"author":1,"featured_media":0,"parent":0,"menu_order":0,"comment_status":"closed","ping_status":"closed","template":"","meta":{"footnotes":""},"class_list":["post-144","page","type-page","status-publish","hentry"],"translation":{"provider":"WPGlobus","version":"3.0.5","language":"it","enabled_languages":["de","fr","it","en"],"languages":{"de":{"title":true,"content":true,"excerpt":false},"fr":{"title":true,"content":true,"excerpt":false},"it":{"title":true,"content":true,"excerpt":false},"en":{"title":true,"content":true,"excerpt":false}}},"_links":{"self":[{"href":"https:\/\/swissmedmusica.ch\/it\/wp-json\/wp\/v2\/pages\/144","targetHints":{"allow":["GET"]}}],"collection":[{"href":"https:\/\/swissmedmusica.ch\/it\/wp-json\/wp\/v2\/pages"}],"about":[{"href":"https:\/\/swissmedmusica.ch\/it\/wp-json\/wp\/v2\/types\/page"}],"author":[{"embeddable":true,"href":"https:\/\/swissmedmusica.ch\/it\/wp-json\/wp\/v2\/users\/1"}],"replies":[{"embeddable":true,"href":"https:\/\/swissmedmusica.ch\/it\/wp-json\/wp\/v2\/comments?post=144"}],"version-history":[{"count":17,"href":"https:\/\/swissmedmusica.ch\/it\/wp-json\/wp\/v2\/pages\/144\/revisions"}],"predecessor-version":[{"id":1679,"href":"https:\/\/swissmedmusica.ch\/it\/wp-json\/wp\/v2\/pages\/144\/revisions\/1679"}],"wp:attachment":[{"href":"https:\/\/swissmedmusica.ch\/it\/wp-json\/wp\/v2\/media?parent=144"}],"curies":[{"name":"wp","href":"https:\/\/api.w.org\/{rel}","templated":true}]}}

<section class="wpb-content-wrapper"><p>[vc_row][vc_column][vc_column_text]Swissmedmusica è stata fondata nel 1997 a Berna come «Società svizzera di medicina musicale». I membri fondatori sono Pia Bucher, musicista, Joachim Lahme, dentista, e Beat Vollmar. imprenditore.</p>
<p>L’idea di crearel’associazione è stata ispirata dal numero sempre crescente di musicisti con capacità di suonare compromesse, o addirittura a rischio di disabilità professionale, che non riuscivano a trovare un supporto per affrontare i loro problemi. Molte delle persone interessate non parlavano delle loro preoccupazioni e paure. Ancora oggi, l’argomento sembra essere un tabù.</p>
<p>La società è stata presieduta dal 1997 al 2011 da Pia Bucher (musicista e chinesiologa qualificata); dal 2011 al 2020 da Martina Berchtold-Neumann (psicologa qualificata FSP) e, dal 2020, da Wolfgang Böhler (filosofo della musica, direttore di coro, giornalista).</p>
<p>Un’offerta centrale della Società era ed è (con il sostegno finanziario della Fondazione svizzera per gli artisti interpreti, SIS) un centro di consulenza indipendente a bassa soglia in tutta la Svizzera. È stato diretto da Pia Bucher fino al 2017, da Peter Schönenberger MD dal 2017 al 2019, da Felicitas Sigrist MD dal 2020 al 2021 e da Daniela Gut MD nel 2022. Dal 2023 è guidata dalla fisioterapista musicale Marjan Steenbeek. La Società collabora anche con le consulte interdisciplinari musicali locali di Berna, Lucerna, Locarno, Zurigo, Ginevra e Basilea.</p>
<p>Dal 1998 la SMM è coinvolta in collaborazioni e conferenze sulla medicina per i musicisti presso associazioni di musicisti, accademie di musica e scuole di musica. Dallo stesso anno fino al 2003 ha tenuto seminari di formazione continua in Italia e presso il Centro Hindemith di Blonay (CH). Nel 2001, inoltre, si sono tenute conferenze e workshop specialistici sulla salute in orchestra rivolti a tutte le orchestre professionali e sinfoniche della Svizzera. Le attività di ricerca hanno posto l’accento sulla cooperazione interdisciplinare.</p>
<p>Di conseguenza, la Società dispone oggi di una rete di esperti provenienti principalmente dai settori della medicina, della psicologia, della terapia, della pedagogia e della musica.</p>
<p>I temi dei simposi svolti finora sono stati:</p>
<p>2003 La schiena del musicista (Zurigo)<br />
2004 Le mani del musicista (Zurigo)<br />
2005 Lo stress psicologico nella professione musicale (Zurigo)<br />
2005 Problemi fisici e di udito dei musicisti (Losanna)<br />
2006 Aspetti medici dell’educazione musicale (Zurigo)<br />
2007 La salute nella professione musicale (Berna)<br />
2008 Aspetti psicosomatici nella medicina musicale (Basilea)<br />
2009 Malattie professionali specifiche dei musicisti e loro prevenzione (Lugano)<br />
2009 Udito-occhi-voce e il loro coordinamento nel fare musica (Lucerna)<br />
2010 La salute del musicista (Ginevra)<br />
2011 Aspetti ergonomici dell’esecuzione musicale (Berna)<br />
2012 La musica nella mente – una visione neuroscientifica del fare musica (Lucerna)<br />
2013 Fare musica in modo sano nell’infanzia e nell’adolescenza (Zurigo)<br />
2014 Fare musica in età avanzata (Berna)<br />
2015 Stress e musica (Basilea)<br />
2016 Il musicista dilettante (Berna)<br />
2017 Training mentale per musicisti (Zurigo)<br />
2018 I egnali d’allarme del dolore (Lucerna)<br />
2019 Dal digitale al corpo – Orientamento alle risorse nella vita quotidiana dei musicisti (Basilea)<br />
2022 Un obiettivo – molti percorsi (Berna)[/vc_column_text][/vc_column][/vc_row]</p>
</section>

<p>[vc_row][vc_column][vc_column_text]Swissmedmusica è stata fondata nel 1997 a Berna come «Società svizzera di medicina musicale». I membri fondatori sono Pia Bucher, musicista, Joachim Lahme, dentista, e Beat Vollmar. imprenditore. L’idea di &hellip; <a href="https://swissmedmusica.ch/it/geschichte-der-smm/" class="more-link">Continue reading<span class="screen-reader-text"> &#8220;Storia&#8221;</span></a></p>
